et k(s) = -s + 37. Let j be k(0). Let t = -25 - -28. Suppose j = 3*l + b - 2*b, t*l = 2*b + 41. List the prime factors of l.
11
Suppose -r + 0*a + 256 = 3*a, 0 = -r + 5*a + 240. Suppose -r = -5*o - 60. What are the prime factors of o?
2, 19
Let x be 14/1 + 2 + -4. List the prime factors of (16/x)/(2/21).
2, 7
Let b be (54/45)/((-4)/(-10)). Suppose 0 = 2*x - 3*w - 83, -b*x + 77 = 4*w + w. What are the prime factors of x?
2, 17
Suppose 0 = 5*f + 2*t - 573, -8*t + 20 = -3*t. List the prime factors of f.
113
Suppose -5*m + 246 = -839. What are the prime factors of m?
7, 31
Suppose 36 = 3*o - 0*o. List the prime factors of 2/12*2*o.
2
Let y be (-1)/((-447)/(-150) - 3). Suppose -5*q = -y + 10. List the prime factors of q.
2
Let y = -43 - -107. List the prime factors of y.
2
Let t(i) = 2*i**3 - i. Let o be t(1). Let a(b) = 12*b**3 - 2*b**2 + b. List the prime factors of a(o).
11
Let m(t) = 47*t**2 - 2*t - 3. What are the prime factors of m(-1)?
2, 23
Suppose -3*q - 4*s + 88 = -6*q, 0 = -3*q + s - 85. Let v = -9 - q. List the prime factors of v.
19
Let h be ((-2)/(-5))/((-2)/(-70)). Let n be 94/h - (-4)/14. Let m = n + -2. List the prime factors of m.
5
Let m = -154 - -216. List the prime factors of m.
2, 31
Let x = -50 - -109. What are the prime factors of x?
59
Let o be (3/3)/(1/11). Let q(n) = 3*n + 6. List the prime factors of q(o).
3, 13
Let p(b) = b + 7. Let n be p(-5). Suppose 3*o - o = -3*z + 20, n*o = -z + 8. What are the prime factors of z?
2, 3
Suppose 3*i = 57 + 69. List the prime factors of i.
2, 3, 7
Let d = 17 + -42. Let h = -19 - d. List the prime factors of h.
2, 3
Let x(j) = j**2. Let m be x(0). Suppose m*p - 4*p = -100. What are the prime factors of p?
5
Let x be 105/(-18) - 2/12. List the prime factors of 9/(-6)*32/x.
2
Let v(d) = d**3 - 3*d**2 + d. Suppose -6*p + p + 20 = 0. List the prime factors of v(p).
2, 5
Suppose -2 = -4*z + 46. What are the prime factors of (-66)/(-8) + (-3)/z?
2
Suppose 0 = -2*h - i - 6, h + 3*i - 5 - 2 = 0. Let y = 15 + h. What are the prime factors of y?
2, 5
Let j = 3 + -3. Suppose 0*w - 5 = -w. Let y = j + w. What are the prime factors of y?
5
Suppose 8*y = 11*y - 51. What are the prime factors of y?
17
List the prime factors of ((-50)/4)/(3/(-18)).
3, 5
Let f(b) = -b**2 + 7 - b**2 + 3*b**2 + 5*b. List the prime factors of f(-6).
13
Let f = -20 + 28. What are the prime factors of f?
2
Let k(g) = 2*g - 4. Suppose 0 = -5*n, -3*f = -5*n + 5 - 11. Let m = 5 + f. List the prime factors of k(m).
2, 5
Let h be ((-2)/2)/(4/(-8)). Let m = 3 + -3. Suppose m*c + 10 = h*c. What are the prime factors of c?
5
Suppose -22 = 2*b + 20. What are the prime factors of (203/b)/((-1)/3)?
29
Suppose 0 = -0*z + 2*z - 2*b - 12, 5*z - 4*b - 33 = 0. Let i(d) = z - 9 + 5*d. List the prime factors of i(2).
2, 5
Let z(a) = a + 1. Let f = 2 - -4. What are the prime factors of z(f)?
7
Let f = 9 - 9. Let s = 9 + f. List the prime factors of s.
3
Let r be 1/2 - (-15)/10. Let q be (-3 - -1*r) + 71. Suppose 0 = 4*l - 8, q = 4*b + 4*l + 26. List the prime factors of b.
3
Let m(c) = -c**2 + 7*c - 6. Suppose w - 3 = 2. What are the prime factors of m(w)?
2
Let y = 2 - -3. Suppose -f + y*f = 24. List the prime factors of f.
2, 3
Let w = 543 + -376. What are the prime factors of w?
167
Suppose 0 = -0*n - 2*n + 2. Let u = n - -5. List the prime factors of u.
2, 3
Suppose 0 = -0*h - 5*h - 5. Let r = 1 - h. List the prime factors of r.
2
Let o(a) = 96*a**2 + 2*a + 2. What are the prime factors of o(-1)?
2, 3
Let n = 27 - 27. Suppose n = 8*d - 7*d - 13. What are the prime factors of d?
13
Let g(l) be the first derivative of l**2/2 - 3*l + 4. List the prime factors of g(12).
3
Let n(z) = 2*z + 6. List the prime factors of n(4).
2, 7
Let o(a) be the second derivative of 3*a**5/20 + a**3/6 - a**2/2 - 4*a. List the prime factors of o(1).
3
List the prime factors of 394/10 - (-4)/(-10).
3, 13
Let g be (-2)/(-6) + 56/12. Suppose 8 = g*w - 2. Suppose -i + 36 = w*i. What are the prime factors of i?
2, 3
List the prime factors of 3806/110 - (6/(-10))/(-1).
2, 17
Let s(m) = -m**3 + 3*m**2 + m - 2. Let k be s(3). Suppose -9 - k = -2*p. Let l(x) = -x**2 + 6*x + 6. List the prime factors of l(p).
11
Suppose -4*w = 12 + 36. Suppose 0*j + 2*j + 10 = -k, 3*k + 9 = -3*j. Let g = j - w. What are the prime factors of g?
5
Let z(g) = g**2 - 8*g - 1. Let v be z(9). Let m = v + -5. Suppose k + 5*w + 20 = 0, m*k + 4*w + 1 + 4 = 0. List the prime factors of k.
5
Let w(q) = q**3 + 7*q**2 - q - 3. Let f = 4 + -11. List the prime factors of w(f).
2
Let f = -6 + 8. List the prime factors of f.
2
Let m = 4 + -4. Suppose 4*g + m*g = 0. What are the prime factors of 0 + g + (1 - -3)?
2
Let s(i) = i**3 + 2*i**2 - i - 2. Let b be s(2). Let x(m) = -5*m**2 + 4*m**2 + b*m - 6 - 5*m. What are the prime factors of x(4)?
2, 3
Suppose 7*w = 383 + 667. List the prime factors of w.
2, 3, 5
Let v(u) = 18*u**3 + 3*u**2 - 4*u + 5. List the prime factors of v(2).
3, 17
Suppose 5*m = m - 12. List the prime factors of 5 + (-6 - m) + 8.
2, 5
Suppose 0 = -2*z + 6*z - 4*o + 16, -2 = -o. Let k = 10 + z. List the prime factors of k.
2
Suppose 7*o = 3*o + 16. Suppose -2*u - o = -3*u. Suppose w - u*p + 16 = 5*w, 0 = 4*p - 4. List the prime factors of w.
3
Let j = -21 - -21. Suppose -d - x + 4 = 0, 2*x = 4*d - 2*x - 8. Suppose r = -3, -2*w - d*r + j*r + 3 = 0. What are the prime factors of w?
2, 3
Let t(g) = -g**2 - 9*g - 5. Let l be t(-10). Let r be (1 - l/(-3))/1. Let c = r - -24. List the prime factors of c.
2, 5
Suppose -3*n - 5 = -4*n. Let f(v) = -v**2 + 3*v + 8. Let t be f(4). Suppose n + 3 = t*z. List the prime factors of z.
2
Let b(l) = 2*l**2 + 2*l - 1. Let m be b(-2). Suppose 14 = m*w - 13. What are the prime factors of w?
3
Suppose 0*j + j - 7 = 0. Let w = j + 18. What are the prime factors of w?
5
Suppose 2*q = 48 + 8. What are the prime factors of q?
2, 7
Suppose -2*n + 8 = 3*x - 4, -5*x - 5*n + 20 = 0. List the prime factors of (-765)/(-18) + (-2)/x.
2, 3, 7
Let r(l) be the second derivative of 2*l**3/3 - 5*l**2 + 4*l. What are the prime factors of r(9)?
2, 13
Let k(q) = q**2 + 1. Let m be k(1). Let r be -1*(m + (1 - 3)). Suppose i = -r + 12. List the prime factors of i.
2, 3
Let y(x) = 3 - x - 2*x + 2*x**2 - 1 + 6*x. List the prime factors of y(-5).
37
What are the prime factors of (-50)/(((-42)/(-9))/(-7))?
3, 5
Suppose 3*i + 81 = -0*i. Let g = -46 - i. Let y = g + 28. List the prime factors of y.
3
Let t(x) = x + 5. Let l be t(-3). Suppose -2*v - 2*v + 5*j + 106 = 0, -v + 20 = l*j. What are the prime factors of v?
2, 3
List the prime factors of 4/((-1)/(6/(-8))).
3
Let c = -55 + 35. What are the prime factors of -2*(-3)/(-8)*c?
3, 5
Suppose 4*k - s + 3 = 0, 4*k - 3*s + 0*s + 9 = 0. Let b be (k - -1)*4/(-4). What are the prime factors of (b - (0 - 1)) + 9?
3
Suppose 4*v - 18 - 6 = 0. Let a = 8 + 3. Let u = a - v. List the prime factors of u.
5
Let o be (-1 + (-1)/(-1))/(-2). Let u be -1 - (-69)/(1 - o). What are the prime factors of u/6 + (-1)/3?
11
What are the prime factors of 44/(-66) + 766/6*1?
127
List the prime factors of (11 + 0)*(17 - 5)/2.
2, 3, 11
Suppose -7*q + 72 = -3*q. Let k(y) = y**2 + 3*y. Let g be k(-4). What are the prime factors of 68/q + g/18?
2
Let g(z) = -6*z - 9. What are the prime factors of g(-13)?
3, 23
Suppose -6 = -h - 4. Suppose -2*k = 2*t, -4*k = t + h*t. Suppose w + k*w = -2*u + 24, 4*u = 3*w - 32. What are the prime factors of w?
2
Suppose -5*o + 0*o - 30 = 0. Let r be 0 - 1/(3/o). Suppose 1 = -5*m + 6*m + h, m - r*h - 13 = 0. What are the prime factors of m?
5
Suppose -12 = -4*b - 0*b. Let k = b + 9. What are the prime factors of k?
2, 3
Let v = 128 + -107. List the prime factors of v.
3, 7
Let v(f) = f**2 - 7*f + 20. What are the prime factors of v(15)?
2, 5, 7
Suppose -2 - 2 = -u. Suppose -4*g + 3*g = u*s - 26, 3*s = 2*g + 25. What are the prime factors of s?
7
Let w(z) = -z**3 + 8*z**2 - 5*z - 9. Let a be w(7). Suppose -a*j - 4 = -34. What are the prime factors of j?
2, 3
Suppose m + 36 = -3*m. List the prime factors of (-6)/m*(17 + 1).
2, 3
Suppose l = -l + u + 16, 4 = -u. Suppose 0 = -3*j + 4*j - l. Suppose 2*k = 10, -25 = f - j*f + 4*k. List the prime factors of f.
3
Let w(y) = -y**3 + 13*y**2 - 11*y + 9. List the prime factors of w(12).
3, 7